 + 8 + 1 = f. Is (2 + 37)/(m/2) prime?
False
Suppose -n + 6 = n. Suppose 0 = -x + n*b + 41, -4*x + 144 = -b - b. Is x a prime number?
False
Let x be (112/12)/(3/9). Let o = x - -39. Is o a prime number?
True
Suppose 2*n + 1 = -1. Let c be 0 - (-80)/(1 - n). Let m = 15 + c. Is m prime?
False
Is (-28492)/(-24) - (-3)/(-18) a composite number?
False
Is 3/(-9) + -4166*(-3)/18 a prime number?
False
Let p = 29 - 0. Let r = 20 + p. Is r composite?
True
Let i(k) = 5*k**2 + 3*k + 1. Is i(-3) a composite number?
False
Let i be (470/(-3))/((-1)/3). Let d(p) = -p**2 - 12*p - 26. Let z be d(-10). Is (-4)/z - i/(-6) a prime number?
True
Suppose 4*u + 565 = 3*v - 166, -3*v - 5*u = -686. Is v a composite number?
True
Let t = -68 + 97. Let d(q) = -q**3 + q**2 + q + 5. Let h be d(0). Suppose h - t = -4*r. Is r a composite number?
True
Let k be 0 + -5 + 2 + 15. Suppose 2*o - 322 + k = 0. Is o prime?
False
Let d(b) = -b**2 - 6*b - 7. Let l be d(-5). Let m be l/(-8) - 75/(-4). Suppose -m = -2*f + f. Is f composite?
False
Let w = 5 - 12. Let t = -4 - w. Suppose -b = -3*n + 67, b - 3*b - 71 = -t*n. Is n composite?
True
Let d = -10 + 4. Let o(g) be the third derivative of -g**5/60 - g**4/3 - g**3 + 2*g**2. Is o(d) a composite number?
True
Let r(a) be the third derivative of a**5/20 + a**4/12 + a**3/3 + 2*a**2. Suppose -x - 13 = -4*o, 9 = 2*o - 2*x - x. Is r(o) prime?
False
Suppose 2*u + 16 = -0. Is 68/3 - u/24 composite?
False
Suppose 0 = -4*k + 6 + 2. Suppose -i - m = -29, -k*i = i + 5*m - 79. Is i a prime number?
False
Let u(b) = b**3 + 5*b**2 - 5*b - 4. Let s be u(-6). Is (1*-37)/(-11 - s) prime?
True
Suppose 14 = 2*c - 2*n - 138, -4*c + 3*n + 305 = 0. Is c a prime number?
False
Let l(s) = 11*s - 9. Suppose 6*j - 32 = 2*j. Is l(j) prime?
True
Let y be (41 - -9)/((-1)/(-4)). Suppose y = 5*c - 725. Is c prime?
False
Suppose -3*z + 8*h - 5*h = 30, 3*z - h + 22 = 0. Let l(v) = -v - 1. Let d(r) = -r**3 - 5*r**2 + 5*r - 10. Let s(o) = -d(o) + 2*l(o). Is s(z) prime?
False
Suppose 5*p = -4*u + 284 - 91, 4*u - 178 = -2*p. Let h be u/(-8) + 9/(-12). Is (h/(-7))/(1/7) prime?
False
Let i(v) = 8*v**2 + v + 5. Let y(b) = -7*b**2 - b - 4. Let f(g) = -5*i(g) - 6*y(g). Let c be f(-7). Let q = -11 + c. Is q prime?
True
Let h(a) = 5*a**2 + 4*a + 4. Is h(-3) composite?
False
Suppose -l - 2*c = -6, 3*l - 7*l - c = -10. Suppose 2*b - 15 - 64 = -5*a, 0 = -4*a - l*b + 64. Is a prime?
False
Let t be 2 + 3 + -1 + 0. Suppose -4*x - b + 19 = 0, 2*b - 2 = -2*x + t*b. Suppose 118 = 2*i - 7*r + 3*r, 63 = i - x*r. Is i prime?
False
Let f(y) = 16*y**3 - 4*y**2 + 2*y + 4. Let s be f(3). Suppose -208 - s = -2*w. Is w composite?
False
Let q(t) = -t**3 - 4*t**2 + 6*t + 1. Let n be 2/6 + (-75)/9. Is q(n) prime?
False
Let j(l) = 5*l**2 + 2*l - 10. Let y(i) = 15*i**2 + 5*i - 29. Let s(r) = -17*j(r) + 6*y(r). Is s(-3) a prime number?
True
Let s(p) = 3*p**2. Let w be s(-1). Let t be 1480/14 + 4/14. Suppose 0 = -r + w*r - t. Is r composite?
False
Suppose -5*t = -3 - 22. Let o = -2 + t. Suppose -71 = -b - o*l + l, 5*b + 3*l = 341. Is b prime?
True
Suppose -808 - 364 = -4*n. Is n prime?
True
Let t = 223 + -108. Let r(h) = 17*h**2 + 2*h + 2. Let y be r(3). Suppose -y - t = -4*l. Is l a composite number?
True
Let k(q) = 100*q**2 - 2*q + 7. Is k(2) a prime number?
False
Let u(c) = -4*c**3 - c**2 - c + 7. Is u(-4) composite?
False
Let c be (0/1)/(-4 + 6). Suppose -836 = -4*x + 2*w, 4*w = x - c*x - 195. Is x prime?
True
Suppose 0 = g - 20 - 8. Suppose u + 2 = g. Is u/(-5)*25/(-10) a composite number?
False
Let n(t) be the second derivative of 7*t**4/12 - t**3/2 + 3*t**2/2 + 2*t. Let y be n(-4). Suppose -g = -y + 36. Is g composite?
True
Let j = 5942 + -2415. Is j composite?
False
Suppose 4*m + 5*r - 7214 = 0, -2*m = 5*r - 2722 - 890. Is m prime?
True
Let p = -1882 + 5331. Is p a composite number?
False
Let d = -12 + 17. Suppose -3*v - d*n = -127, -n + 0*n = -4*v + 200. Is v a prime number?
False
Let p = 960 - 686. Is p a prime number?
False
Is (-4761)/(-12) + 1/4 composite?
False
Suppose -3*f = -2*t - 118, 5*f - 2*t - 138 - 64 = 0. Is 237*(-7)/(f/(-4)) a composite number?
True
Let z(n) = -29*n**3 + 16*n**2 - 11*n - 7. Is z(-7) a composite number?
True
Let p(u) = -2*u + 3. Let a be p(10). Suppose 5*d = -2*z - 24, 2*d = -3 - 5. Let s = z - a. Is s a prime number?
False
Is ((-26)/(-6))/((-5)/(-105)) a composite number?
True
Suppose 7*y = 9*y - 1970. Is y a prime number?
False
Let m(x) = x**3 + 8*x**2 - x - 7. Suppose u = -1 - 5. Is m(u) composite?
False
Suppose -3970 = -18*m + 8*m. Is m a prime number?
True
Let l be (-3)/(3/(-50) + 0). Suppose 5*t + 0*t = l. Is t composite?
True
Let x(p) be the second derivative of -p**5/20 - 5*p**4/12 + 3*p**3/2 + 11*p**2/2 - 2*p. Let b(o) = -2*o + 10. Let k be b(9). Is x(k) prime?
True
Let a(j) be the second derivative of 4/3*j**3 + 0 - 2*j - j**2. Is a(2) composite?
True
Is (-6)/(-45) + (-6652)/(-60) prime?
False
Is (-6)/14 - 64632/(-84) prime?
True
Is ((-268)/6)/(2/(-3)) a prime number?
True
Suppose -3*h - h = 2*g - 440, -3*h + 5*g = -343. Is h a composite number?
True
Let k = 14 - 10. Suppose 7*f - 1252 = 3*f - k*x, x = 0. Suppose -f = -2*r - 71. Is r a prime number?
False
Suppose -j = q + 1, -3*q - 3*j = -q + 7. Let d be ((-10)/(-15))/(q/18). Suppose d*m - 224 - 733 = 0. Is m prime?
False
Let k(m) = -m**3 - 8*m**2 + 3*m - 1. Let z be k(-8). Let h = z + 186. Is h composite?
True
Let b(r) = r**3 - 6*r**2 - 8*r. Let x be b(7). Let w = x + 14. Is w prime?
True
Suppose 24 = 4*d - 2*k, -d + 0*d + k + 8 = 0. Suppose -3*h + 97 = -d*h - v, 0 = -4*v + 12. Is 4/(-14) - h/7 a prime number?
False
Let a = 7 - 11. Let p = a + 4. Suppose u + 6 - 19 = p. Is u prime?
True
Let v(t) = 10*t**3 + t**2 - t + 1. Let q be -1 - (2 + (-8 - 0)). Let h = q - 4. Is v(h) a composite number?
False
Let f(n) = n. Let b be f(7). Let i(t) = 26*t + 9. Is i(b) prime?
True
Let j(k) be the second derivative of 8*k**4/3 - 2*k**3/3 + k**2/2 + 2*k. Let z be j(-3). Is z - (1 + -1)/(-3) prime?
False
Suppose 1383 = 4*y - 1785. Let x = -556 + y. Suppose -q + v - x = -4*q, q - v = 80. Is q a composite number?
False
Let f(p) be the third derivative of 0*p + 1/24*p**6 - 1/20*p**5 + 0 + 1/24*p**4 + 1/6*p**3 - p**2. Is f(2) a prime number?
True
Suppose -5*x + 2*h + 10 + 22 = 0, -4*h = 3*x - 40. Let d(w) = 5*w**2 - 8*w + 1. Is d(x) a prime number?
True
Let m = -278 - -577. Is m a prime number?
False
Let q(n) = -n + 5. Let d be q(-6). Let w = -7 + d. Suppose 0 = k - 3, -3*p - w*k + 146 = -127. Is p prime?
False
Let t be (-7)/3*(-2 - 1). Let z(f) = 2*f - 5 + 0 - t*f. Is z(-8) prime?
False
Let p(q) = -q - 6. Let k be p(-8). Suppose -k*r + 329 = -981. Is r a composite number?
True
Let r = 1633 + -1080. Is r composite?
True
Let n(a) = 3*a - 3. Let p be n(3). Suppose -z = 2 - p. Is z/16 - (-39)/4 composite?
True
Is (-16308)/(-48) - (-6)/(-8) a composite number?
True
Suppose -19 - 56 = -5*u. Let t(y) = 3*y**2 + y - 1. Let v be t(1). Suppose v*l - 132 - u = 0. Is l prime?
False
Let a be (-8)/6*(-6)/4. Suppose 0 = -2*q + 22 - a. Is q a composite number?
True
Is -3 - (-7)/(21/2910) a composite number?
False
Let z = -93 - -46. Let p = z + 100. Is p a prime number?
True
Suppose 0 = -5*y + 2*y - 2*l - 981, 4*y + l + 1308 = 0. Let m be ((-18)/(-12))/((-3)/(-920) - 0). Let d = m + y. Is d a composite number?
True
Let i(b) = 7*b + 0 + 5*b + 1 + 6*b. Is i(1) a prime number?
True
Suppose n - 199 = 2*o, -5*n + 382 + 113 = -5*o. Let u = o + 147. Is u prime?
True
Let l be (9/(-9))/(2/1838). Let z = l + 1664. Is z a composite number?
True
Is 3541/5 + (-56)/(-70) a composite number?
False
Let s = -9 - -9. Suppose s*m - 2*m = -8. Suppose m*q - 348 = 288. Is q a prime number?
False
Let g(j) = -j**2 + 57*j + 41. Is g(30) composite?
True
Suppose -3*p + i = -0*i - 1128, -p = 2*i - 383. Is p a prime number?
False
Suppose -38 = -5*s + 17. Suppose -s = 4*k - d - 37, 16 = 3*k + d. Is k/(-2) + 344/4 a composite number?
False
Suppose 9*s + 2430 = 5841. Is s composite?
False
Is 1707 + (-2)/(-1 - -5)*2 a prime number?
False
Is 1/(3780/(-1892) - -2) prime?
False
Is (-4443)/(-6) + (-3)/(-6)*-3 composite?
False
Let z = 1903 - 186. Is z a prime number?
False
Let n(x) = -x**3 - x**2 - 1. Let k(j) = -2 - 7*j**3 + j**2 - 2*j**2 - 2*j**2 + 2*j - 2*j**2. Let l(p) = -k